 Let s = -471 - o. What is the greatest common factor of 19 and s?
19
Let v(r) = -3*r**2 + 101*r - 29. Let q be v(31). Let l = q - -56. What is the highest common factor of 11 and l?
11
Suppose 0 = -34*u - 15*u + 80752. Suppose -9*d + u = 1405. Calculate the highest common factor of d and 171.
9
Suppose 0 = 3*z - h - 11, -4*z + 28 = -7*h + 9*h. Let w be 13 - 2 - 0 - z. Let p be (-2)/(-5) - (-56)/10. What is the greatest common divisor of p and w?
6
Let h(y) = -2*y + 89. Let w be h(-32). Let u = -75 + 177. What is the highest common divisor of w and u?
51
Let f = 282 - 278. Suppose 1944 = f*z + 20*z. Suppose -4*p - w + 103 = 0, -14 = -2*p - 5*w + 15. What is the highest common factor of z and p?
27
Let w = 42 - 6. Calculate the greatest common divisor of w and 954.
18
Let n(g) = -6*g**3 + 2*g**2 + 8*g + 11. Let l be n(-2). What is the greatest common factor of l and 6494?
17
Let i(g) = -4*g**3 + 5*g + 4. Let n be i(-4). Let u = n + -210. What is the highest common divisor of u and 480?
30
Suppose 4*l - 2852 = 2*i, -55 = -5*l - 2*i + 3528. Let t = -681 + l. Calculate the greatest common factor of 17 and t.
17
Let o be (-87*9/270)/((-2)/20). Let k = 334 - 218. Calculate the highest common factor of o and k.
29
Suppose -11 = -5*i + g - 10, 0 = -5*i - g + 19. Let y be -3*2/3 + -7. Let c = y + 23. Calculate the highest common factor of c and i.
2
Let u be 78/(-4)*((-69888)/144)/52. Let b be 79*1/1 + -1. What is the greatest common divisor of b and u?
26
Let w = 30 + 0. Suppose 0 = w*p - 31*p + 3. What is the highest common factor of 27 and p?
3
Let k be 168/7*(-28)/(-42). Calculate the highest common divisor of k and 4216.
8
Suppose 75 = 62*z - 297. Calculate the highest common divisor of z and 174.
6
Let v be (-26)/(-1)*1*(-2)/(-4). Suppose 192 = -7*g + v*g. What is the highest common divisor of 256 and g?
32
Let o = 1230 + -606. Suppose -2*l - 2*a = -14, 38 = 4*l + 1723*a - 1721*a. Calculate the highest common factor of o and l.
12
Suppose -8*p + 2*l + 120 = 6*l, 5*p - 4*l = 62. Suppose 5*d + 25 = 5*b, -2*b + 15 = -d - 3*b. Let y = d - -136. Calculate the highest common factor of p and y.
14
Let i be 0 - 0 - (-5 - 3). Suppose -4*v + 56 = i. Let o(m) = 59*m - 4289. Let h be o(73). What is the greatest common divisor of v and h?
6
Suppose 0 = -3*m + 3. Let r = m + 5. Let n be 27/r*(-32)/(-3). What is the greatest common divisor of n and 32?
16
Let b = -6178 - -7555. Calculate the highest common divisor of b and 102.
51
Suppose -564 = -3*b - 60. Let n be (b/(-9))/((-2)/6). Let a be ((-20)/14)/5*(-51 + (-3 - -5)). What is the greatest common factor of n and a?
14
Let j = -942 - -565. Let i = -362 - j. What is the highest common factor of 45 and i?
15
Let j(c) = -35*c**2 + 284*c - 23. Let w be j(8). Calculate the highest common divisor of w and 393.
3
Let y be (-22)/(-4)*(12 - 8). Let g = -884 - -895. What is the greatest common divisor of y and g?
11
Suppose -5*i + 45 = 5*m - 0*i, 0 = 5*m + 4*i - 48. Suppose 423 = m*t - 2265. Calculate the greatest common factor of t and 32.
32
Let y be 20/((4/(-5))/(-2)). Let j = -1282 - -1457. Calculate the highest common divisor of y and j.
25
Let w(b) = -b**2 + 6*b - 1. Let m be w(5). Suppose c + 3*v - 5*v - 114 = 0, -v - 477 = -m*c. What is the greatest common factor of c and 200?
40
Let d(z) = z**2 - 23*z - 44. Let o be d(15). Let v = 41 - o. Calculate the highest common factor of v and 5.
5
Suppose 0 = -4*y - l - 309, -5*y + l = 278 + 115. Let b = y + 281. Calculate the greatest common divisor of b and 58.
29
Let s(y) = -19 + 47*y - 6 + 6*y - 12. Let b be s(10). Calculate the highest common factor of b and 29.
29
Let r = -3184 + 3189. Calculate the greatest common factor of r and 805.
5
Let x(r) = -7*r**3 + 5*r**2 - 6*r + 1. Let m be x(3). Let z = -107 - m. Calculate the highest common factor of 108 and z.
54
Suppose 4*b + 15 + 64 = n, 0 = -5*n - 2*b + 307. Suppose -45 + 18 = -u. Calculate the greatest common divisor of u and n.
9
Suppose -5*m + 4*b - 39 = 80, -22 = m + b. Let p = m - -32. Let r = p - -75. What is the highest common divisor of r and 14?
14
Let y(d) = d**2 - 12*d + 102. Let f = -310 + 318. Let u be y(f). Calculate the highest common factor of u and 10.
10
Let a = -96 + 121. Suppose 18 = -16*k + a*k. Let f = -18 + 28. What is the highest common divisor of k and f?
2
Let y = 29685 + -29167. What is the greatest common divisor of 666 and y?
74
Suppose 1230 = 217*h + 321 - 2346. Calculate the greatest common divisor of h and 515.
5
Let c(g) = 5*g**2 + 131*g + 7. Let x be c(-28). Let f(l) = -74*l. Let a be f(-1). Calculate the greatest common divisor of x and a.
37
Let y be (228/(-342))/(3 - 16292*2/10860). Calculate the highest common divisor of 45 and y.
5
Let r = -236 + 249. Suppose 37 - r = 12*q. Calculate the greatest common divisor of q and 18.
2
Suppose -38*t + 123*t - 183 = 1687. What is the greatest common factor of t and 1177?
11
Let y be 280/(-21)*((-21)/12 + 1). Let h(w) = 6*w**2 - 6. Let l = 6 - 10. Let j be h(l). Calculate the highest common factor of y and j.
10
Let y = 1592 + -1562. What is the greatest common divisor of y and 960?
30
Let s(d) = 2*d**3 + 6*d - 28. Let y be s(7). Calculate the highest common factor of y and 5425.
175
Suppose 4 = 3*f + 4*o - 3, 3*o + 21 = 3*f. Let d = 12 - -14. Suppose 2*l = 56 - d. What is the greatest common divisor of l and f?
5
Let f be -186*3*(-171)/54. Calculate the highest common factor of 627 and f.
57
Let i(k) = -k**3 + 14*k**2 - 13*k + 123. Let u be i(13). Calculate the highest common factor of u and 41.
41
Let b be (-532)/(-16) - 21/(-28). What is the greatest common factor of b and 442?
34
Suppose -3*n - 2*a + 5 = 2*n, 0 = 4*a + 20. Suppose -40 = n*j - 7*j. Suppose -z + 181 = 5*v - 222, z - 3 = 0. Calculate the highest common factor of v and j.
10
Let i = -107 + 194. Let h = 85 - i. Let k be ((-30)/(-1))/(0 + (-4)/h). What is the highest common factor of 5 and k?
5
Let t(z) = -78*z - 296. Let l be t(-4). Suppose 5*w - b - 4 = 4*w, 3*w - 6 = b. Let a be w*-2*(6 - 7). Calculate the greatest common divisor of a and l.
2
Let t be 1/(-3) - ((-328)/6 - (-17)/51). What is the greatest common divisor of t and 1638?
18
Suppose 38*h - 53470 + 6350 = 0. What is the highest common factor of h and 120?
40
Suppose -2*d = x - 15, 25*x = -d + 22*x + 30. Calculate the highest common divisor of d and 9897.
3
Suppose -79*b - 5*t = -75*b - 219, 2*t - 152 = -3*b. What is the greatest common factor of b and 3151?
23
Suppose -464*b - 915 = -479*b. Calculate the greatest common divisor of b and 488.
61
Let s = -8 - -8. Suppose -k - 2 - 13 = 5*o, -2*o + 4*k - 28 = s. Let f be (6/o)/(1/(-14)). What is the highest common factor of f and 14?
7
Let u be (4/6)/((-5019)/504 + 10). Calculate the highest common divisor of 4520 and u.
8
Let g be (-1235 - 98)*((-1 - -3) + -3)*1. Calculate the highest common divisor of g and 215.
43
Suppose -2*m + 6*m - 240 = 0. Let d(f) = f**2 + 34*f + 192. Let k be d(-6). What is the highest common divisor of m and k?
12
Suppose 887 = 3*q + 2*z, 4*q - 919 = -4*z + 261. What is the highest common factor of q and 704?
11
Let s(p) = -51*p + 57*p - 12 + 7 - 10. Let b be s(3). Suppose 0 = 3*w - 12 - b. Calculate the highest common divisor of 65 and w.
5
Let j(l) = 15*l + 3 + 1 + 0*l**2 - l**2 - 6*l. Let a be j(9). Suppose 3*x + 2*h = 5*h + 45, -a*h + 48 = 5*x. Calculate the greatest common factor of x and 8.
4
Let r = -1 - -28. Let l be 9/(r/21 - 8/28). Suppose l*m - 2*m - 357 = 0. What is the highest common factor of 17 and m?
17
Suppose -10 + 66 = 4*q. Let l be q/35 + 2/(10/1223). What is the greatest common divisor of l and 35?
35
Suppose 2*v - 120 = 3*h, 5*v + 575 = 14*v + 4*h. Let g = -31 + -26. Let k = v + g. What is the greatest common factor of k and 6?
6
Let y be -3*(-1)/(-6 + 5) - -1*211. What is the highest common factor of 464 and y?
16
Let j(l) = -9*l**2 + 2*l + 4. Let n be j(3). Let g = n - -102. Let z = -3 + g. What is the highest common divisor of z and 308?
28
Suppose 4*y - 2*y = 0, -y = t - 21. Suppose -t = -3*a + 27. What is the highest common divisor of 20 and a?
4
Let x be (-2 + 15/(-3))*(6 - 6 - 1). What is the greatest common divisor of 175 and x?
7
Let b = 672 - -1280. What is the highest common factor of b and 32?
32